 42.
40
What is the remainder when 11338 is divided by 1206?
484
What is the remainder when 1929131 is divided by 9551?
9380
What is the remainder when 6945 is divided by 390?
315
What is the remainder when 524697 is divided by 4131?
60
Calculate the remainder when 175980 is divided by 175965.
15
Calculate the remainder when 10740217 is divided by 4584.
4489
Calculate the remainder when 46195137 is divided by 23.
5
Calculate the remainder when 54058 is divided by 52301.
1757
Calculate the remainder when 6920701 is divided by 573.
7
Calculate the remainder when 168260 is divided by 8841.
281
Calculate the remainder when 1704228 is divided by 568073.
9
What is the remainder when 673413 is divided by 1400?
13
Calculate the remainder when 352651 is divided by 1377.
139
Calculate the remainder when 29479319 is divided by 131.
127
Calculate the remainder when 363758 is divided by 516.
494
What is the remainder when 50561388 is divided by 150?
138
Calculate the remainder when 3324993 is divided by 87498.
69
Calculate the remainder when 48662933 is divided by 1799.
1782
What is the remainder when 299225 is divided by 1100?
25
Calculate the remainder when 2175 is divided by 1121.
1054
What is the remainder when 165300 is divided by 4237?
57
What is the remainder when 1300591 is divided by 31721?
30
Calculate the remainder when 476584636 is divided by 53.
50
Calculate the remainder when 4515613 is divided by 991.
617
Calculate the remainder when 26463 is divided by 308.
283
What is the remainder when 379425 is divided by 169?
20
What is the remainder when 18729558 is divided by 4682377?
50
Calculate the remainder when 23423348 is divided by 38.
34
Calculate the remainder when 605794 is divided by 3.
1
What is the remainder when 1828 is divided by 675?
478
What is the remainder when 2070446 is divided by 2150?
2146
Calculate the remainder when 10809142 is divided by 10809136.
6
What is the remainder when 350875 is divided by 1244?
67
What is the remainder when 921135 is divided by 1642?
1615
What is the remainder when 3377602 is divided by 33441?
61
What is the remainder when 90895883 is divided by 291?
287
What is the remainder when 2555508 is divided by 428?
348
Calculate the remainder when 12417238 is divided by 759.
757
What is the remainder when 1006453 is divided by 247?
175
What is the remainder when 3367728 is divided by 2370?
2328
What is the remainder when 45703411 is divided by 565?
561
What is the remainder when 9122736 is divided by 4269?
4152
What is the remainder when 20454 is divided by 5064?
198
Calculate the remainder when 7635487 is divided by 56.
55
What is the remainder when 1722623 is divided by 860722?
1179
Calculate the remainder when 584717 is divided by 85.
2
What is the remainder when 4142049 is divided by 1380187?
1488
Calculate the remainder when 212742 is divided by 224.
166
What is the remainder when 170204 is divided by 1100?
804
What is the remainder when 52680196 is divided by 44?
8
Calculate the remainder when 1985517963 is divided by 46.
45
What is the remainder when 1835337 is divided by 10029?
30
Calculate the remainder when 23030 is divided by 6573.
3311
Calculate the remainder when 1824028 is divided by 128.
28
Calculate the remainder when 40232 is divided by 1506.
1076
What is the remainder when 5205108 is divided by 22?
18
What is the remainder when 120289560 is divided by 24057912?
0
Calculate the remainder when 296317 is divided by 119.
7
Calculate the remainder when 1055082 is divided by 69.
3
Calculate the remainder when 2890962 is divided by 763.
718
Calculate the remainder when 8458546 is divided by 228609.
13
Calculate the remainder when 4396645 is divided by 35.
15
Calculate the remainder when 188009825 is divided by 13429273.
3
Calculate the remainder when 1377837 is divided by 943.
114
What is the remainder when 3027831 is divided by 161?
65
Calculate the remainder when 118301 is divided by 14660.
1021
What is the remainder when 17573960 is divided by 8809?
5
What is the remainder when 2539507 is divided by 14030?
77
What is the remainder when 798638 is divided by 453?
452
What is the remainder when 1187866 is divided by 15229?
4
What is the remainder when 2919322 is divided by 1881?
10
What is the remainder when 1136879 is divided by 76?
71
Calculate the remainder when 2679952 is divided by 3651.
118
What is the remainder when 14178671 is divided by 5975?
5971
Calculate the remainder when 91817 is divided by 91711.
106
What is the remainder when 23106849 is divided by 172439?
23
What is the remainder when 284940 is divided by 1719?
1305
Calculate the remainder when 214258 is divided by 71415.
13
What is the remainder when 2708217 is divided by 3481?
3480
Calculate the remainder when 2332192 is divided by 242.
38
Calculate the remainder when 45207 is divided by 44741.
466
Calculate the remainder when 5265581 is divided by 210623.
6
Calculate the remainder when 5241 is divided by 685.
446
Calculate the remainder when 153335 is divided by 58.
41
What is the remainder when 187851 is divided by 3430?
2631
What is the remainder when 11926314 is divided by 119?
15
What is the remainder when 32473916 is divided by 25?
16
What is the remainder when 123930 is divided by 61713?
504
What is the remainder when 5522 is divided by 1255?
502
What is the remainder when 9001 is divided by 607?
503
What is the remainder when 483849 is divided by 1315?
1244
What is the remainder when 642426 is divided by 189?
15
Calculate the remainder when 2980 is divided by 1329.
322
What is the remainder when 5742354 is divided by 61745?
69
What is the remainder when 2546895 is divided by 197?
79
What is the remainder when 716968 is divided by 5690?
28
What is the remainder when 2439102 is divided by 3890?
72
What is the remainder when 382306 is divided by 4?
2
What is the remainder when 128335 is divided by 6749?
104
Calculate the remainder when 24906 is divided by 2530.
2136
What is the remainder when 350419 is divided by 3577?
3450
Calculate the remainder when 1207254 is divided by 496.
486
What is the remainder when 711270 is divided by 101583?
189
What is the remainder when 55739 is divided by 7811?
1062
What is the remainder when 168309 is divided by 3122?
2843
What is the remainder when 1083453 is divided by 352?
349
Calculate the remainder when 8040648 is divided by 2427.
2424
What is the remainder when 43611 is divided by 34628?
8983
What is the remainder when 106817 is divided by 214?
31
What is the remainder when 16661222 is divided by 93?
86
What is the remainder when 5943052 is divided by 5709?
5692
What is the remainder when 71334 is divided by 8?
6
What is the remainder when 21416582 is divided by 442?
356
Calculate the remainder when 40852491 is divided by 61.
59
What is the remainder when 2290707 is divided by 1145232?
243
What is the remainder when 10644 is divided by 1865?
1319
Calculate the remainder when 65458496 is divided by 1008.
992
What is the remainder when 2134632 is divided by 13035?
9927
Calculate the remainder when 8013 is divided by 246.
141
Calculate the remainder when 13476112 is divided by 4491945.
277
Calculate the remainder when 540366 is divided by 275.
266
What is the remainder when 9636539 is divided by 5134?
21
What is the remainder when 42245 is divided by 8434?
75
What is the remainder when 171924475 is divided by 1546?
1545
Calculate the remainder when 65027 is divided by 271.
258
Calculate the remainder when 13142555 is divided by 1877507.
6
Calculate the remainder when 25333186 is divided by 23.
20
Calculate the remainder when 6778471 is divided by 3389224.
23
Calculate the remainder when 2707336 is divided by 146.
58
What is the remainder when 3986860 is divided by 569536?
108
What is the remainder when 79393 is divided by 39655?
83
Calculate the remainder when 1840881 is divided by 38351.
33
Calculate the remainder when 49588939 is divided by 24794459.
21
What is the remainder when 215948 is divided by 200?
148
What is the remainder when 286929527 is divided by 379?
376
What is the remainder when 7801736 is divided by 1335?
1331
Calculate the remainder when 1226280 is divided by 259.
174
What is the remainder when 49288270 is divided by 32555?
0
What is the remainder when 14637197 is